 are the prime factors of 45722511?
3, 5080279
List the prime factors of 196002246.
2, 3, 11, 37, 80263
List the prime factors of 2032094018.
2, 157, 863, 7499
List the prime factors of 3585010977.
3, 359, 401, 2767
What are the prime factors of 20569857?
3, 7, 11, 12721
What are the prime factors of 5589519409?
23, 243022583
List the prime factors of 544461359.
13, 19, 23, 239, 401
What are the prime factors of 1317308691?
3, 439102897
List the prime factors of 14772001.
53, 278717
What are the prime factors of 31905511?
11, 647, 4483
List the prime factors of 4358176487.
7, 17117, 36373
What are the prime factors of 44379566?
2, 7, 11, 288179
What are the prime factors of 2203445707?
2203445707
What are the prime factors of 14887431?
3, 13, 19, 37, 181
What are the prime factors of 1413859?
1413859
What are the prime factors of 15053825?
5, 602153
List the prime factors of 289429463.
289429463
What are the prime factors of 65808870?
2, 3, 5, 17, 129037
What are the prime factors of 99155965?
5, 19, 1043747
What are the prime factors of 1642615141?
38569, 42589
List the prime factors of 526434840.
2, 3, 5, 1462319
What are the prime factors of 495933815?
5, 13, 31, 246121
What are the prime factors of 168942843?
3, 23, 79, 10331
What are the prime factors of 620347478?
2, 83, 409, 9137
List the prime factors of 424189013.
83, 5110711
List the prime factors of 111860943.
3, 37286981
What are the prime factors of 62084221?
17, 487, 7499
List the prime factors of 40101240.
2, 3, 5, 334177
What are the prime factors of 1212144003?
3, 7, 401, 47981
What are the prime factors of 76830167?
19, 37, 293, 373
What are the prime factors of 1047882788?
2, 17, 906473
List the prime factors of 20143843.
20143843
What are the prime factors of 155701293?
3, 11, 4718221
List the prime factors of 121344962.
2, 967, 62743
List the prime factors of 1356741.
3, 127, 1187
What are the prime factors of 1566324311?
23, 241, 282577
What are the prime factors of 1387358663?
19, 73018877
What are the prime factors of 374220754?
2, 521, 359137
List the prime factors of 175352193.
3, 19483577
What are the prime factors of 8539512?
2, 3, 19, 61, 307
List the prime factors of 335920.
2, 5, 13, 17, 19
What are the prime factors of 50699358?
2, 3, 131, 2389
List the prime factors of 24472621.
23, 67, 15881
List the prime factors of 268834795.
5, 619, 86861
What are the prime factors of 48448005?
3, 5, 19, 23, 389
What are the prime factors of 185287074?
2, 3, 7, 79, 55843
List the prime factors of 2549706739.
457, 5579227
List the prime factors of 6887905.
5, 919, 1499
List the prime factors of 2821236377.
17, 29, 167, 34267
What are the prime factors of 2162026475?
5, 7, 2161, 5717
What are the prime factors of 2707693647?
3, 902564549
What are the prime factors of 89992474?
2, 11, 13, 19, 16561
List the prime factors of 49109227.
1013, 48479
What are the prime factors of 7862552345?
5, 1572510469
What are the prime factors of 47470886?
2, 23735443
List the prime factors of 3102831964.
2, 349, 2222659
What are the prime factors of 874224384?
2, 3, 11, 103483
List the prime factors of 683155534.
2, 43, 103, 233, 331
List the prime factors of 82724005.
5, 7, 13, 19, 1367
What are the prime factors of 3062895193?
3062895193
What are the prime factors of 2911531715?
5, 582306343
List the prime factors of 1046631498.
2, 3, 11, 3203, 4951
What are the prime factors of 41580844?
2, 17, 611483
What are the prime factors of 65490549?
3, 19, 1148957
What are the prime factors of 1977148912?
2, 311, 397337
List the prime factors of 171733661.
11, 15612151
What are the prime factors of 27237704?
2, 13, 23, 59, 193
What are the prime factors of 1679891792?
2, 101, 1039537
What are the prime factors of 40561123?
40561123
List the prime factors of 392472607.
19, 47, 283, 1553
What are the prime factors of 34731806?
2, 103, 168601
What are the prime factors of 2334994672?
2, 1117, 130651
List the prime factors of 871284828.
2, 3, 103, 541, 1303
List the prime factors of 1238601903.
3, 7, 11, 5361913
List the prime factors of 6347928001.
29, 31, 79, 89381
What are the prime factors of 1310933004?
2, 3, 109244417
What are the prime factors of 111095881?
13, 8545837
List the prime factors of 702539510.
2, 5, 41, 1713511
What are the prime factors of 726861023?
7, 7591, 13679
What are the prime factors of 333247232?
2, 19, 131, 523
What are the prime factors of 1795666270?
2, 5, 877, 204751
List the prime factors of 192768335.
5, 37, 1041991
List the prime factors of 923757892.
2, 61, 3785893
What are the prime factors of 26184976?
2, 1636561
What are the prime factors of 66813989?
11, 6073999
What are the prime factors of 74418721?
13, 71, 80627
What are the prime factors of 471233942?
2, 613, 384367
What are the prime factors of 348591117?
3, 7, 1087, 15271
List the prime factors of 155974035.
3, 5, 7, 29, 181, 283
List the prime factors of 3842641697.
37, 103855181
List the prime factors of 1581520870.
2, 5, 158152087
List the prime factors of 1460604073.
16417, 88969
List the prime factors of 505193199.
3, 7, 17, 67, 21121
What are the prime factors of 7470268352?
2, 116722943
List the prime factors of 39735177.
3, 97, 136547
List the prime factors of 404879376.
2, 3, 11, 766817
List the prime factors of 1173419800.
2, 5, 7, 838157
List the prime factors of 184436657.
184436657
What are the prime factors of 1541532359?
2237, 689107
What are the prime factors of 168007512?
2, 3, 7000313
List the prime factors of 139373577.
3, 7, 97, 22807
What are the prime factors of 870488679?
3, 29, 1279, 7823
What are the prime factors of 397360424?
2, 2843, 17471
List the prime factors of 238650488.
2, 17, 19, 92357
List the prime factors of 1921613529.
3, 11, 73, 797681
List the prime factors of 149504181.
3, 569, 87583
What are the prime factors of 38590788?
2, 3, 3215899
List the prime factors of 134348760.
2, 3, 5, 7, 13, 1367
List the prime factors of 328360500.
2, 3, 5, 13, 1871
List the prime factors of 619864768.
2, 9685387
List the prime factors of 1318487528.
2, 10357, 15913
List the prime factors of 14843123.
19, 781217
What are the prime factors of 510766682?
2, 255383341
List the prime factors of 15163261.
269, 56369
What are the prime factors of 2616554491?
49823, 52517
What are the prime factors of 124306860?
2, 3, 5, 2071781
What are the prime factors of 888798568?
2, 7, 19, 23, 36319
List the prime factors of 938430.
2, 3, 5, 10427
What are the prime factors of 1651016678?
2, 109, 7573471
List the prime factors of 217716786.
2, 3, 7, 1727911
List the prime factors of 5886071014.
2, 29, 137, 5407
List the prime factors of 229579318.
2, 19, 419, 14419
List the prime factors of 3082834873.
19, 1321, 122827
What are the prime factors of 2847007044?
2, 3, 7, 19, 719, 827
What are the prime factors of 2210053771?
17, 37, 3513599
List the prime factors of 539611199.
539611199
List the prime factors of 1133920595.
5, 226784119
List the prime factors of 394283417.
11, 1423, 25189
What are the prime factors of 378495440?
2, 5, 1303, 3631
What are the prime factors of 4156044380?
2, 5, 207802219
What are the prime factors of 10796817?
3, 41, 61, 1439
List the prime factors of 157730790.
2, 3, 5, 7, 31, 24229
List the prime factors of 858579929.
858579929
What are the prime factors of 2353256464?
2, 13, 11313733
List the prime factors of 1540653991.
89, 167, 103657
List the prime factors of 39602800.
2, 5, 181, 547
List the prime factors of 13294448.
2, 883, 941
List the prime factors of 480682904.
2, 13, 4621951
List the prime factors of 1894841572.
2, 13, 521, 69941
List the prime factors of 19996728.
2, 3, 833197
List the prime factors of 432150356.
2, 11, 9821599
List the prime factors of 23287082.
2, 7, 13, 127951
List the prime factors of 654768722.
2, 277, 1181893
List the prime factors of 295234053.
3, 17, 59, 1663
List the prime factors of 72300408.
2, 3, 23, 227, 577
What are the prime factors of 111732047?
7, 1619, 9859
What are the prime factors of 2322465085?
5, 59, 7872763
List the prime factors of 235713621.
3, 11, 13, 549449
What are the prime factors of 4938325984?
2, 2017, 76511
List the prime factors of 140574219.
3, 2371, 19763
List the prime factors of 55452423.
3, 13, 14